{"id":171,"date":"2022-11-05T16:28:33","date_gmt":"2022-11-05T16:28:33","guid":{"rendered":"https:\/\/vegallomasgaleria.hu\/?page_id=171"},"modified":"2022-11-09T22:13:26","modified_gmt":"2022-11-09T22:13:26","slug":"elerhetoseg","status":"publish","type":"page","link":"https:\/\/vegallomasgaleria.hu\/index.php\/elerhetoseg\/","title":{"rendered":"El\u00e9rhet\u0151s\u00e9g"},"content":{"rendered":"\t\t<div data-elementor-type=\"wp-page\" data-elementor-id=\"171\" class=\"elementor elementor-171\">\n\t\t\t\t\t\t<section class=\"elementor-section elementor-top-section elementor-element elementor-element-ac162be elementor-section-boxed elementor-section-height-default elementor-section-height-default\" data-id=\"ac162be\" data-element_type=\"section\" data-e-type=\"section\">\n\t\t\t\t\t\t<div class=\"elementor-container elementor-column-gap-default\">\n\t\t\t\t\t<div class=\"elementor-column elementor-col-50 elementor-top-column elementor-element elementor-element-d9b3cec\" data-id=\"d9b3cec\" data-element_type=\"column\" data-e-type=\"column\">\n\t\t\t<div class=\"elementor-widget-wrap elementor-element-populated\">\n\t\t\t\t\t\t<div class=\"elementor-element elementor-element-4d8eed9 elementor-widget elementor-widget-text-editor\" data-id=\"4d8eed9\" data-element_type=\"widget\" data-e-type=\"widget\" data-widget_type=\"text-editor.default\">\n\t\t\t\t<div class=\"elementor-widget-container\">\n\t\t\t\t\t\t\t\t\t<h4><strong>Napkeret Bt.<\/strong><\/h4><p>Veinelt Attila c\u00e9gvezet\u0151<\/p><p><strong>Ad\u00f3sz\u00e1m:<\/strong><br \/>22543978-1-43<\/p><p><strong>C\u00edm:<br \/><\/strong>1122 Budapest, Maros utca 9.<\/p><p><strong>Telefon:<\/strong><br \/>+36 1 213-0172<br \/>+36 70-663-9518<\/p><p><strong>E-mail:<\/strong><br \/><span style=\"color: #000000;\"><a style=\"color: #000000;\" href=\"mailto:napkeret@gmail.com\">napkeret@gmail.com<\/a><\/span><br \/><a href=\"mailto:vegallomasgaleria@vegallomasgaleria.hu\"><span style=\"color: #000000;\">vegallomasgaleria@vegallomasgaleria.hu<\/span><\/a><\/p>\t\t\t\t\t\t\t\t<\/div>\n\t\t\t\t<\/div>\n\t\t\t\t\t<\/div>\n\t\t<\/div>\n\t\t\t\t<div class=\"elementor-column elementor-col-50 elementor-top-column elementor-element elementor-element-c25f219\" data-id=\"c25f219\" data-element_type=\"column\" data-e-type=\"column\">\n\t\t\t<div class=\"elementor-widget-wrap elementor-element-populated\">\n\t\t\t\t\t\t<div class=\"elementor-element elementor-element-578bb4c elementor-widget elementor-widget-text-editor\" data-id=\"578bb4c\" data-element_type=\"widget\" data-e-type=\"widget\" data-widget_type=\"text-editor.default\">\n\t\t\t\t<div class=\"elementor-widget-container\">\n\t\t\t\t\t\t\t\t\t<p><strong>Nyitva tart\u00e1s:<\/strong><br><\/p><p>H\u00e9tf\u0151 : 9 &#8211; 18<br>Kedd : 9 &#8211; 18<br>Szerda : 9 &#8211; 18<br>Cs\u00fct\u00f6rt\u00f6k : 9 &#8211; 18<br>P\u00e9ntek : 9 &#8211; 17<br>Szombat : z\u00e1rva<br>Vas\u00e1rnap : z\u00e1rva<\/p>\t\t\t\t\t\t\t\t<\/div>\n\t\t\t\t<\/div>\n\t\t\t\t\t<\/div>\n\t\t<\/div>\n\t\t\t\t\t<\/div>\n\t\t<\/section>\n\t\t\t\t<section class=\"elementor-section elementor-top-section elementor-element elementor-element-46d6f3eb elementor-section-full_width elementor-section-height-default elementor-section-height-default\" data-id=\"46d6f3eb\" data-element_type=\"section\" data-e-type=\"section\">\n\t\t\t\t\t\t<div class=\"elementor-container elementor-column-gap-narrow\">\n\t\t\t\t\t<div class=\"elementor-column elementor-col-100 elementor-top-column elementor-element elementor-element-b3a3dbf\" data-id=\"b3a3dbf\" data-element_type=\"column\" data-e-type=\"column\">\n\t\t\t<div class=\"elementor-widget-wrap elementor-element-populated\">\n\t\t\t\t\t\t<div class=\"elementor-element elementor-element-ef10dc6 elementor-hidden-mobile elementor-widget elementor-widget-image-gallery\" data-id=\"ef10dc6\" data-element_type=\"widget\" data-e-type=\"widget\" data-widget_type=\"image-gallery.default\">\n\t\t\t\t<div class=\"elementor-widget-container\">\n\t\t\t\t\t\t\t<div class=\"elementor-image-gallery\">\n\t\t\t<div id='gallery-1' class='gallery galleryid-171 gallery-columns-4 gallery-size-htmega_size_396x360'><figure class='gallery-item'>\n\t\t\t<div class='gallery-icon landscape'>\n\t\t\t\t<a data-elementor-open-lightbox=\"yes\" data-elementor-lightbox-slideshow=\"ef10dc6\" data-elementor-lightbox-title=\"IMG_20201113_141646\" data-e-action-hash=\"#elementor-action%3Aaction%3Dlightbox%26settings%3DeyJpZCI6NjYyLCJ1cmwiOiJodHRwczpcL1wvdmVnYWxsb21hc2dhbGVyaWEuaHVcL3dwLWNvbnRlbnRcL3VwbG9hZHNcLzIwMjJcLzExXC9JTUdfMjAyMDExMTNfMTQxNjQ2LXNjYWxlZC5qcGciLCJzbGlkZXNob3ciOiJlZjEwZGM2In0%3D\" href='https:\/\/vegallomasgaleria.hu\/wp-content\/uploads\/2022\/11\/IMG_20201113_141646-scaled.jpg'><img fetchpriority=\"high\" decoding=\"async\" width=\"396\" height=\"360\" src=\"https:\/\/vegallomasgaleria.hu\/wp-content\/uploads\/2022\/11\/IMG_20201113_141646-396x360.jpg\" class=\"attachment-htmega_size_396x360 size-htmega_size_396x360\" alt=\"\" \/><\/a>\n\t\t\t<\/div><\/figure><figure class='gallery-item'>\n\t\t\t<div class='gallery-icon portrait'>\n\t\t\t\t<a data-elementor-open-lightbox=\"yes\" data-elementor-lightbox-slideshow=\"ef10dc6\" data-elementor-lightbox-title=\"IMG_20201113_141646\" data-e-action-hash=\"#elementor-action%3Aaction%3Dlightbox%26settings%3DeyJpZCI6NDI4LCJ1cmwiOiJodHRwczpcL1wvdmVnYWxsb21hc2dhbGVyaWEuaHVcL3dwLWNvbnRlbnRcL3VwbG9hZHNcLzIwMjJcLzExXC9TY3JlZW5zaG90LTIwMjItMTEtMDYtYXQtMjEtNDEtNTgtdmVnYWxsb21hcy1nYWxlcmlhLUdvb2dsZS1TZWFyY2gtMS5wbmciLCJzbGlkZXNob3ciOiJlZjEwZGM2In0%3D\" href='https:\/\/vegallomasgaleria.hu\/wp-content\/uploads\/2022\/11\/Screenshot-2022-11-06-at-21-41-58-vegallomas-galeria-Google-Search-1.png'><img decoding=\"async\" width=\"396\" height=\"360\" src=\"https:\/\/vegallomasgaleria.hu\/wp-content\/uploads\/2022\/11\/Screenshot-2022-11-06-at-21-41-58-vegallomas-galeria-Google-Search-1-396x360.png\" class=\"attachment-htmega_size_396x360 size-htmega_size_396x360\" alt=\"\" \/><\/a>\n\t\t\t<\/div><\/figure><figure class='gallery-item'>\n\t\t\t<div class='gallery-icon portrait'>\n\t\t\t\t<a data-elementor-open-lightbox=\"yes\" data-elementor-lightbox-slideshow=\"ef10dc6\" data-elementor-lightbox-title=\"IMG_20201113_141646\" data-e-action-hash=\"#elementor-action%3Aaction%3Dlightbox%26settings%3DeyJpZCI6NjYzLCJ1cmwiOiJodHRwczpcL1wvdmVnYWxsb21hc2dhbGVyaWEuaHVcL3dwLWNvbnRlbnRcL3VwbG9hZHNcLzIwMjJcLzExXC9JTUdfMjAyMTA0MjdfMTI0MjExLXNjYWxlZC5qcGciLCJzbGlkZXNob3ciOiJlZjEwZGM2In0%3D\" href='https:\/\/vegallomasgaleria.hu\/wp-content\/uploads\/2022\/11\/IMG_20210427_124211-scaled.jpg'><img decoding=\"async\" width=\"396\" height=\"360\" src=\"https:\/\/vegallomasgaleria.hu\/wp-content\/uploads\/2022\/11\/IMG_20210427_124211-396x360.jpg\" class=\"attachment-htmega_size_396x360 size-htmega_size_396x360\" alt=\"\" \/><\/a>\n\t\t\t<\/div><\/figure><figure class='gallery-item'>\n\t\t\t<div class='gallery-icon landscape'>\n\t\t\t\t<a data-elementor-open-lightbox=\"yes\" data-elementor-lightbox-slideshow=\"ef10dc6\" data-elementor-lightbox-title=\"IMG_20201113_141646\" data-e-action-hash=\"#elementor-action%3Aaction%3Dlightbox%26settings%3DeyJpZCI6NjY0LCJ1cmwiOiJodHRwczpcL1wvdmVnYWxsb21hc2dhbGVyaWEuaHVcL3dwLWNvbnRlbnRcL3VwbG9hZHNcLzIwMjJcLzExXC9JTUdfMjAyMjAxMjJfMTMxNDM0LTEtc2NhbGVkLmpwZyIsInNsaWRlc2hvdyI6ImVmMTBkYzYifQ%3D%3D\" href='https:\/\/vegallomasgaleria.hu\/wp-content\/uploads\/2022\/11\/IMG_20220122_131434-1-scaled.jpg'><img loading=\"lazy\" decoding=\"async\" width=\"396\" height=\"360\" src=\"https:\/\/vegallomasgaleria.hu\/wp-content\/uploads\/2022\/11\/IMG_20220122_131434-1-396x360.jpg\" class=\"attachment-htmega_size_396x360 size-htmega_size_396x360\" alt=\"\" \/><\/a>\n\t\t\t<\/div><\/figure><figure class='gallery-item'>\n\t\t\t<div class='gallery-icon landscape'>\n\t\t\t\t<a data-elementor-open-lightbox=\"yes\" data-elementor-lightbox-slideshow=\"ef10dc6\" data-elementor-lightbox-title=\"Profilok\" data-e-action-hash=\"#elementor-action%3Aaction%3Dlightbox%26settings%3DeyJpZCI6MzI5LCJ1cmwiOiJodHRwczpcL1wvdmVnYWxsb21hc2dhbGVyaWEuaHVcL3dwLWNvbnRlbnRcL3VwbG9hZHNcLzIwMjJcLzExXC9QMTAxMDEzNS5qcGciLCJzbGlkZXNob3ciOiJlZjEwZGM2In0%3D\" href='https:\/\/vegallomasgaleria.hu\/wp-content\/uploads\/2022\/11\/P1010135.jpg'><img loading=\"lazy\" decoding=\"async\" width=\"396\" height=\"360\" src=\"https:\/\/vegallomasgaleria.hu\/wp-content\/uploads\/2022\/11\/P1010135-396x360.jpg\" class=\"attachment-htmega_size_396x360 size-htmega_size_396x360\" alt=\"A V\u00e9g\u00e1llom\u00e1s Gal\u00e9ri\u00e1ban m\u0171anyag, f\u00e9m \u00e9s fa keretek nagy v\u00e1laszt\u00e9k\u00e1b\u00f3l, k\u00f6zel 3000 f\u00e9le profilb\u00f3l v\u00e1logathatnak.\" \/><\/a>\n\t\t\t<\/div><\/figure><figure class='gallery-item'>\n\t\t\t<div class='gallery-icon landscape'>\n\t\t\t\t<a data-elementor-open-lightbox=\"yes\" data-elementor-lightbox-slideshow=\"ef10dc6\" data-elementor-lightbox-title=\"Profilok\" data-e-action-hash=\"#elementor-action%3Aaction%3Dlightbox%26settings%3DeyJpZCI6MzI3LCJ1cmwiOiJodHRwczpcL1wvdmVnYWxsb21hc2dhbGVyaWEuaHVcL3dwLWNvbnRlbnRcL3VwbG9hZHNcLzIwMjJcLzExXC9TY3JlZW5zaG90LTIwMjItMTEtMDYtYXQtMjEtNDYtNDgtdmVnYWxsb21hcy1nYWxlcmlhLUdvb2dsZS1TZWFyY2gucG5nIiwic2xpZGVzaG93IjoiZWYxMGRjNiJ9\" href='https:\/\/vegallomasgaleria.hu\/wp-content\/uploads\/2022\/11\/Screenshot-2022-11-06-at-21-46-48-vegallomas-galeria-Google-Search.png'><img loading=\"lazy\" decoding=\"async\" width=\"396\" height=\"360\" src=\"https:\/\/vegallomasgaleria.hu\/wp-content\/uploads\/2022\/11\/Screenshot-2022-11-06-at-21-46-48-vegallomas-galeria-Google-Search-396x360.png\" class=\"attachment-htmega_size_396x360 size-htmega_size_396x360\" alt=\"V\u00e9g\u00e1llom\u00e1s Gal\u00e9ria m\u0171hely\" \/><\/a>\n\t\t\t<\/div><\/figure><figure class='gallery-item'>\n\t\t\t<div class='gallery-icon landscape'>\n\t\t\t\t<a data-elementor-open-lightbox=\"yes\" data-elementor-lightbox-slideshow=\"ef10dc6\" data-elementor-lightbox-title=\"Profilok\" data-e-action-hash=\"#elementor-action%3Aaction%3Dlightbox%26settings%3DeyJpZCI6Mzc5LCJ1cmwiOiJodHRwczpcL1wvdmVnYWxsb21hc2dhbGVyaWEuaHVcL3dwLWNvbnRlbnRcL3VwbG9hZHNcLzIwMjJcLzExXC9QMTAxMDEzMy5qcGciLCJzbGlkZXNob3ciOiJlZjEwZGM2In0%3D\" href='https:\/\/vegallomasgaleria.hu\/wp-content\/uploads\/2022\/11\/P1010133.jpg'><img loading=\"lazy\" decoding=\"async\" width=\"396\" height=\"360\" src=\"https:\/\/vegallomasgaleria.hu\/wp-content\/uploads\/2022\/11\/P1010133-396x360.jpg\" class=\"attachment-htmega_size_396x360 size-htmega_size_396x360\" alt=\"\" \/><\/a>\n\t\t\t<\/div><\/figure><figure class='gallery-item'>\n\t\t\t<div class='gallery-icon portrait'>\n\t\t\t\t<a data-elementor-open-lightbox=\"yes\" data-elementor-lightbox-slideshow=\"ef10dc6\" data-elementor-lightbox-title=\"Profilok\" data-e-action-hash=\"#elementor-action%3Aaction%3Dlightbox%26settings%3DeyJpZCI6NjM0LCJ1cmwiOiJodHRwczpcL1wvdmVnYWxsb21hc2dhbGVyaWEuaHVcL3dwLWNvbnRlbnRcL3VwbG9hZHNcLzIwMjJcLzExXC9JTUdfMjAyMjExMDlfMDgwOTIzXzU3Ml9zbWFsbC5qcGciLCJzbGlkZXNob3ciOiJlZjEwZGM2In0%3D\" href='https:\/\/vegallomasgaleria.hu\/wp-content\/uploads\/2022\/11\/IMG_20221109_080923_572_small.jpg'><img loading=\"lazy\" decoding=\"async\" width=\"396\" height=\"360\" src=\"https:\/\/vegallomasgaleria.hu\/wp-content\/uploads\/2022\/11\/IMG_20221109_080923_572_small-396x360.jpg\" class=\"attachment-htmega_size_396x360 size-htmega_size_396x360\" alt=\"\" \/><\/a>\n\t\t\t<\/div><\/figure>\n\t\t<\/div>\n\t\t<\/div>\n\t\t\t\t\t\t<\/div>\n\t\t\t\t<\/div>\n\t\t\t\t<div class=\"elementor-element elementor-element-a3154dc elementor-hidden-desktop elementor-widget elementor-widget-image-gallery\" data-id=\"a3154dc\" data-element_type=\"widget\" data-e-type=\"widget\" data-widget_type=\"image-gallery.default\">\n\t\t\t\t<div class=\"elementor-widget-container\">\n\t\t\t\t\t\t\t<div class=\"elementor-image-gallery\">\n\t\t\t<div id='gallery-2' class='gallery galleryid-171 gallery-columns-2 gallery-size-200x200'><figure class='gallery-item'>\n\t\t\t<div class='gallery-icon landscape'>\n\t\t\t\t<a data-elementor-open-lightbox=\"yes\" data-elementor-lightbox-slideshow=\"a3154dc\" data-elementor-lightbox-title=\"IMG_20201113_141646\" data-e-action-hash=\"#elementor-action%3Aaction%3Dlightbox%26settings%3DeyJpZCI6NjYyLCJ1cmwiOiJodHRwczpcL1wvdmVnYWxsb21hc2dhbGVyaWEuaHVcL3dwLWNvbnRlbnRcL3VwbG9hZHNcLzIwMjJcLzExXC9JTUdfMjAyMDExMTNfMTQxNjQ2LXNjYWxlZC5qcGciLCJzbGlkZXNob3ciOiJhMzE1NGRjIn0%3D\" href='https:\/\/vegallomasgaleria.hu\/wp-content\/uploads\/2022\/11\/IMG_20201113_141646-scaled.jpg'><img loading=\"lazy\" decoding=\"async\" width=\"2560\" height=\"1920\" src=\"https:\/\/vegallomasgaleria.hu\/wp-content\/uploads\/2022\/11\/IMG_20201113_141646-scaled.jpg\" class=\"attachment-200x200 size-200x200\" alt=\"\" srcset=\"https:\/\/vegallomasgaleria.hu\/wp-content\/uploads\/2022\/11\/IMG_20201113_141646-scaled.jpg 2560w, https:\/\/vegallomasgaleria.hu\/wp-content\/uploads\/2022\/11\/IMG_20201113_141646-300x225.jpg 300w, https:\/\/vegallomasgaleria.hu\/wp-content\/uploads\/2022\/11\/IMG_20201113_141646-1024x768.jpg 1024w, https:\/\/vegallomasgaleria.hu\/wp-content\/uploads\/2022\/11\/IMG_20201113_141646-768x576.jpg 768w, https:\/\/vegallomasgaleria.hu\/wp-content\/uploads\/2022\/11\/IMG_20201113_141646-1536x1152.jpg 1536w, https:\/\/vegallomasgaleria.hu\/wp-content\/uploads\/2022\/11\/IMG_20201113_141646-2048x1536.jpg 2048w\" sizes=\"(max-width: 2560px) 100vw, 2560px\" \/><\/a>\n\t\t\t<\/div><\/figure><figure class='gallery-item'>\n\t\t\t<div class='gallery-icon portrait'>\n\t\t\t\t<a data-elementor-open-lightbox=\"yes\" data-elementor-lightbox-slideshow=\"a3154dc\" data-elementor-lightbox-title=\"IMG_20201113_141646\" data-e-action-hash=\"#elementor-action%3Aaction%3Dlightbox%26settings%3DeyJpZCI6NDI4LCJ1cmwiOiJodHRwczpcL1wvdmVnYWxsb21hc2dhbGVyaWEuaHVcL3dwLWNvbnRlbnRcL3VwbG9hZHNcLzIwMjJcLzExXC9TY3JlZW5zaG90LTIwMjItMTEtMDYtYXQtMjEtNDEtNTgtdmVnYWxsb21hcy1nYWxlcmlhLUdvb2dsZS1TZWFyY2gtMS5wbmciLCJzbGlkZXNob3ciOiJhMzE1NGRjIn0%3D\" href='https:\/\/vegallomasgaleria.hu\/wp-content\/uploads\/2022\/11\/Screenshot-2022-11-06-at-21-41-58-vegallomas-galeria-Google-Search-1.png'><img loading=\"lazy\" decoding=\"async\" width=\"543\" height=\"846\" src=\"https:\/\/vegallomasgaleria.hu\/wp-content\/uploads\/2022\/11\/Screenshot-2022-11-06-at-21-41-58-vegallomas-galeria-Google-Search-1.png\" class=\"attachment-200x200 size-200x200\" alt=\"\" srcset=\"https:\/\/vegallomasgaleria.hu\/wp-content\/uploads\/2022\/11\/Screenshot-2022-11-06-at-21-41-58-vegallomas-galeria-Google-Search-1.png 543w, https:\/\/vegallomasgaleria.hu\/wp-content\/uploads\/2022\/11\/Screenshot-2022-11-06-at-21-41-58-vegallomas-galeria-Google-Search-1-193x300.png 193w\" sizes=\"(max-width: 543px) 100vw, 543px\" \/><\/a>\n\t\t\t<\/div><\/figure><figure class='gallery-item'>\n\t\t\t<div class='gallery-icon portrait'>\n\t\t\t\t<a data-elementor-open-lightbox=\"yes\" data-elementor-lightbox-slideshow=\"a3154dc\" data-elementor-lightbox-title=\"IMG_20201113_141646\" data-e-action-hash=\"#elementor-action%3Aaction%3Dlightbox%26settings%3DeyJpZCI6NjYzLCJ1cmwiOiJodHRwczpcL1wvdmVnYWxsb21hc2dhbGVyaWEuaHVcL3dwLWNvbnRlbnRcL3VwbG9hZHNcLzIwMjJcLzExXC9JTUdfMjAyMTA0MjdfMTI0MjExLXNjYWxlZC5qcGciLCJzbGlkZXNob3ciOiJhMzE1NGRjIn0%3D\" href='https:\/\/vegallomasgaleria.hu\/wp-content\/uploads\/2022\/11\/IMG_20210427_124211-scaled.jpg'><img loading=\"lazy\" decoding=\"async\" width=\"1920\" height=\"2560\" src=\"https:\/\/vegallomasgaleria.hu\/wp-content\/uploads\/2022\/11\/IMG_20210427_124211-scaled.jpg\" class=\"attachment-200x200 size-200x200\" alt=\"\" srcset=\"https:\/\/vegallomasgaleria.hu\/wp-content\/uploads\/2022\/11\/IMG_20210427_124211-scaled.jpg 1920w, https:\/\/vegallomasgaleria.hu\/wp-content\/uploads\/2022\/11\/IMG_20210427_124211-225x300.jpg 225w, https:\/\/vegallomasgaleria.hu\/wp-content\/uploads\/2022\/11\/IMG_20210427_124211-768x1024.jpg 768w, https:\/\/vegallomasgaleria.hu\/wp-content\/uploads\/2022\/11\/IMG_20210427_124211-1152x1536.jpg 1152w, https:\/\/vegallomasgaleria.hu\/wp-content\/uploads\/2022\/11\/IMG_20210427_124211-1536x2048.jpg 1536w\" sizes=\"(max-width: 1920px) 100vw, 1920px\" \/><\/a>\n\t\t\t<\/div><\/figure><figure class='gallery-item'>\n\t\t\t<div class='gallery-icon landscape'>\n\t\t\t\t<a data-elementor-open-lightbox=\"yes\" data-elementor-lightbox-slideshow=\"a3154dc\" data-elementor-lightbox-title=\"IMG_20201113_141646\" data-e-action-hash=\"#elementor-action%3Aaction%3Dlightbox%26settings%3DeyJpZCI6NjY0LCJ1cmwiOiJodHRwczpcL1wvdmVnYWxsb21hc2dhbGVyaWEuaHVcL3dwLWNvbnRlbnRcL3VwbG9hZHNcLzIwMjJcLzExXC9JTUdfMjAyMjAxMjJfMTMxNDM0LTEtc2NhbGVkLmpwZyIsInNsaWRlc2hvdyI6ImEzMTU0ZGMifQ%3D%3D\" href='https:\/\/vegallomasgaleria.hu\/wp-content\/uploads\/2022\/11\/IMG_20220122_131434-1-scaled.jpg'><img loading=\"lazy\" decoding=\"async\" width=\"2560\" height=\"1280\" src=\"https:\/\/vegallomasgaleria.hu\/wp-content\/uploads\/2022\/11\/IMG_20220122_131434-1-scaled.jpg\" class=\"attachment-200x200 size-200x200\" alt=\"\" srcset=\"https:\/\/vegallomasgaleria.hu\/wp-content\/uploads\/2022\/11\/IMG_20220122_131434-1-scaled.jpg 2560w, https:\/\/vegallomasgaleria.hu\/wp-content\/uploads\/2022\/11\/IMG_20220122_131434-1-300x150.jpg 300w, https:\/\/vegallomasgaleria.hu\/wp-content\/uploads\/2022\/11\/IMG_20220122_131434-1-1024x512.jpg 1024w, https:\/\/vegallomasgaleria.hu\/wp-content\/uploads\/2022\/11\/IMG_20220122_131434-1-768x384.jpg 768w, https:\/\/vegallomasgaleria.hu\/wp-content\/uploads\/2022\/11\/IMG_20220122_131434-1-1536x768.jpg 1536w, https:\/\/vegallomasgaleria.hu\/wp-content\/uploads\/2022\/11\/IMG_20220122_131434-1-2048x1024.jpg 2048w\" sizes=\"(max-width: 2560px) 100vw, 2560px\" \/><\/a>\n\t\t\t<\/div><\/figure><figure class='gallery-item'>\n\t\t\t<div class='gallery-icon landscape'>\n\t\t\t\t<a data-elementor-open-lightbox=\"yes\" data-elementor-lightbox-slideshow=\"a3154dc\" data-elementor-lightbox-title=\"Profilok\" data-e-action-hash=\"#elementor-action%3Aaction%3Dlightbox%26settings%3DeyJpZCI6MzI5LCJ1cmwiOiJodHRwczpcL1wvdmVnYWxsb21hc2dhbGVyaWEuaHVcL3dwLWNvbnRlbnRcL3VwbG9hZHNcLzIwMjJcLzExXC9QMTAxMDEzNS5qcGciLCJzbGlkZXNob3ciOiJhMzE1NGRjIn0%3D\" href='https:\/\/vegallomasgaleria.hu\/wp-content\/uploads\/2022\/11\/P1010135.jpg'><img loading=\"lazy\" decoding=\"async\" width=\"800\" height=\"600\" src=\"https:\/\/vegallomasgaleria.hu\/wp-content\/uploads\/2022\/11\/P1010135.jpg\" class=\"attachment-200x200 size-200x200\" alt=\"A V\u00e9g\u00e1llom\u00e1s Gal\u00e9ri\u00e1ban m\u0171anyag, f\u00e9m \u00e9s fa keretek nagy v\u00e1laszt\u00e9k\u00e1b\u00f3l, k\u00f6zel 3000 f\u00e9le profilb\u00f3l v\u00e1logathatnak.\" srcset=\"https:\/\/vegallomasgaleria.hu\/wp-content\/uploads\/2022\/11\/P1010135.jpg 800w, https:\/\/vegallomasgaleria.hu\/wp-content\/uploads\/2022\/11\/P1010135-300x225.jpg 300w, https:\/\/vegallomasgaleria.hu\/wp-content\/uploads\/2022\/11\/P1010135-768x576.jpg 768w\" sizes=\"(max-width: 800px) 100vw, 800px\" \/><\/a>\n\t\t\t<\/div><\/figure><figure class='gallery-item'>\n\t\t\t<div class='gallery-icon landscape'>\n\t\t\t\t<a data-elementor-open-lightbox=\"yes\" data-elementor-lightbox-slideshow=\"a3154dc\" data-elementor-lightbox-title=\"Profilok\" data-e-action-hash=\"#elementor-action%3Aaction%3Dlightbox%26settings%3DeyJpZCI6MzI3LCJ1cmwiOiJodHRwczpcL1wvdmVnYWxsb21hc2dhbGVyaWEuaHVcL3dwLWNvbnRlbnRcL3VwbG9hZHNcLzIwMjJcLzExXC9TY3JlZW5zaG90LTIwMjItMTEtMDYtYXQtMjEtNDYtNDgtdmVnYWxsb21hcy1nYWxlcmlhLUdvb2dsZS1TZWFyY2gucG5nIiwic2xpZGVzaG93IjoiYTMxNTRkYyJ9\" href='https:\/\/vegallomasgaleria.hu\/wp-content\/uploads\/2022\/11\/Screenshot-2022-11-06-at-21-46-48-vegallomas-galeria-Google-Search.png'><img loading=\"lazy\" decoding=\"async\" width=\"1277\" height=\"965\" src=\"https:\/\/vegallomasgaleria.hu\/wp-content\/uploads\/2022\/11\/Screenshot-2022-11-06-at-21-46-48-vegallomas-galeria-Google-Search.png\" class=\"attachment-200x200 size-200x200\" alt=\"V\u00e9g\u00e1llom\u00e1s Gal\u00e9ria m\u0171hely\" srcset=\"https:\/\/vegallomasgaleria.hu\/wp-content\/uploads\/2022\/11\/Screenshot-2022-11-06-at-21-46-48-vegallomas-galeria-Google-Search.png 1277w, https:\/\/vegallomasgaleria.hu\/wp-content\/uploads\/2022\/11\/Screenshot-2022-11-06-at-21-46-48-vegallomas-galeria-Google-Search-300x227.png 300w, https:\/\/vegallomasgaleria.hu\/wp-content\/uploads\/2022\/11\/Screenshot-2022-11-06-at-21-46-48-vegallomas-galeria-Google-Search-1024x774.png 1024w, https:\/\/vegallomasgaleria.hu\/wp-content\/uploads\/2022\/11\/Screenshot-2022-11-06-at-21-46-48-vegallomas-galeria-Google-Search-768x580.png 768w\" sizes=\"(max-width: 1277px) 100vw, 1277px\" \/><\/a>\n\t\t\t<\/div><\/figure><figure class='gallery-item'>\n\t\t\t<div class='gallery-icon landscape'>\n\t\t\t\t<a data-elementor-open-lightbox=\"yes\" data-elementor-lightbox-slideshow=\"a3154dc\" data-elementor-lightbox-title=\"Profilok\" data-e-action-hash=\"#elementor-action%3Aaction%3Dlightbox%26settings%3DeyJpZCI6Mzc5LCJ1cmwiOiJodHRwczpcL1wvdmVnYWxsb21hc2dhbGVyaWEuaHVcL3dwLWNvbnRlbnRcL3VwbG9hZHNcLzIwMjJcLzExXC9QMTAxMDEzMy5qcGciLCJzbGlkZXNob3ciOiJhMzE1NGRjIn0%3D\" href='https:\/\/vegallomasgaleria.hu\/wp-content\/uploads\/2022\/11\/P1010133.jpg'><img loading=\"lazy\" decoding=\"async\" width=\"800\" height=\"600\" src=\"https:\/\/vegallomasgaleria.hu\/wp-content\/uploads\/2022\/11\/P1010133.jpg\" class=\"attachment-200x200 size-200x200\" alt=\"\" srcset=\"https:\/\/vegallomasgaleria.hu\/wp-content\/uploads\/2022\/11\/P1010133.jpg 800w, https:\/\/vegallomasgaleria.hu\/wp-content\/uploads\/2022\/11\/P1010133-300x225.jpg 300w, https:\/\/vegallomasgaleria.hu\/wp-content\/uploads\/2022\/11\/P1010133-768x576.jpg 768w\" sizes=\"(max-width: 800px) 100vw, 800px\" \/><\/a>\n\t\t\t<\/div><\/figure><figure class='gallery-item'>\n\t\t\t<div class='gallery-icon portrait'>\n\t\t\t\t<a data-elementor-open-lightbox=\"yes\" data-elementor-lightbox-slideshow=\"a3154dc\" data-elementor-lightbox-title=\"Profilok\" data-e-action-hash=\"#elementor-action%3Aaction%3Dlightbox%26settings%3DeyJpZCI6NjM0LCJ1cmwiOiJodHRwczpcL1wvdmVnYWxsb21hc2dhbGVyaWEuaHVcL3dwLWNvbnRlbnRcL3VwbG9hZHNcLzIwMjJcLzExXC9JTUdfMjAyMjExMDlfMDgwOTIzXzU3Ml9zbWFsbC5qcGciLCJzbGlkZXNob3ciOiJhMzE1NGRjIn0%3D\" href='https:\/\/vegallomasgaleria.hu\/wp-content\/uploads\/2022\/11\/IMG_20221109_080923_572_small.jpg'><img loading=\"lazy\" decoding=\"async\" width=\"600\" height=\"800\" src=\"https:\/\/vegallomasgaleria.hu\/wp-content\/uploads\/2022\/11\/IMG_20221109_080923_572_small.jpg\" class=\"attachment-200x200 size-200x200\" alt=\"\" srcset=\"https:\/\/vegallomasgaleria.hu\/wp-content\/uploads\/2022\/11\/IMG_20221109_080923_572_small.jpg 600w, https:\/\/vegallomasgaleria.hu\/wp-content\/uploads\/2022\/11\/IMG_20221109_080923_572_small-225x300.jpg 225w\" sizes=\"(max-width: 600px) 100vw, 600px\" \/><\/a>\n\t\t\t<\/div><\/figure>\n\t\t<\/div>\n\t\t<\/div>\n\t\t\t\t\t\t<\/div>\n\t\t\t\t<\/div>\n\t\t\t\t<div class=\"elementor-element elementor-element-7fd42ec elementor-widget elementor-widget-google_maps\" data-id=\"7fd42ec\" data-element_type=\"widget\" data-e-type=\"widget\" data-widget_type=\"google_maps.default\">\n\t\t\t\t<div class=\"elementor-widget-container\">\n\t\t\t\t\t\t\t<div class=\"elementor-custom-embed\">\n\t\t\t<iframe loading=\"lazy\"\n\t\t\t\t\tsrc=\"https:\/\/maps.google.com\/maps?q=V%C3%A9g%C3%A1llom%C3%A1s%20Gal%C3%A9ria%2C%20Budapest%2C%201126%2C%20maros%20u.%209.&#038;t=m&#038;z=15&#038;output=embed&#038;iwloc=near\"\n\t\t\t\t\ttitle=\"V\u00e9g\u00e1llom\u00e1s Gal\u00e9ria, Budapest, 1126, maros u. 9.\"\n\t\t\t\t\taria-label=\"V\u00e9g\u00e1llom\u00e1s Gal\u00e9ria, Budapest, 1126, maros u. 9.\"\n\t\t\t><\/iframe>\n\t\t<\/div>\n\t\t\t\t\t\t<\/div>\n\t\t\t\t<\/div>\n\t\t\t\t<div class=\"elementor-element elementor-element-656fe97c elementor-widget elementor-widget-text-editor\" data-id=\"656fe97c\" data-element_type=\"widget\" data-e-type=\"widget\" data-widget_type=\"text-editor.default\">\n\t\t\t\t<div class=\"elementor-widget-container\">\n\t\t\t\t\t\t\t\t\t<p style=\"text-align: center;\">T\u00e1rhely \u00e9s \u00fczemeltet\u00e9s: <strong><a style=\"color: #000000;\" href=\"https:\/\/www.hostdog.hu\" target=\"_blank\" rel=\"noopener\">HostDog<\/a> <\/strong>szerver elhelyezve: <strong><a style=\"color: #000000;\" href=\"https:\/\/rackforest.com\" target=\"_blank\" rel=\"noopener\">RackForest Zrt.<\/a><\/strong> Victor Hugo utca.<\/p>\t\t\t\t\t\t\t\t<\/div>\n\t\t\t\t<\/div>\n\t\t\t\t\t<\/div>\n\t\t<\/div>\n\t\t\t\t\t<\/div>\n\t\t<\/section>\n\t\t\t\t<\/div>\n\t\t","protected":false},"excerpt":{"rendered":"<p>Napkeret Bt. Veinelt Attila c\u00e9gvezet\u0151 Ad\u00f3sz\u00e1m:22543978-1-43 C\u00edm:1122 Budapest, Maros utca 9. Telefon:+36 1 213-0172+36 70-663-9518 E-mail:napkeret@gmail.comvegallomasgaleria@vegallomasgaleria.hu Nyitva tart\u00e1s: H\u00e9tf\u0151 : 9 &#8211; 18Kedd : 9 &#8211; 18Szerda : 9 &#8211; 18Cs\u00fct\u00f6rt\u00f6k : 9 &#8211; 18P\u00e9ntek : 9 &#8211; 17Szombat : z\u00e1rvaVas\u00e1rnap : z\u00e1rva T\u00e1rhely \u00e9s \u00fczemeltet\u00e9s: HostDog szerver elhelyezve: RackForest Zrt. Victor Hugo utca.<\/p>\n","protected":false},"author":1,"featured_media":0,"parent":0,"menu_order":0,"comment_status":"closed","ping_status":"closed","template":"elementor_header_footer","meta":{"footnotes":""},"class_list":["post-171","page","type-page","status-publish"],"_links":{"self":[{"href":"https:\/\/vegallomasgaleria.hu\/index.php\/wp-json\/wp\/v2\/pages\/171","targetHints":{"allow":["GET"]}}],"collection":[{"href":"https:\/\/vegallomasgaleria.hu\/index.php\/wp-json\/wp\/v2\/pages"}],"about":[{"href":"https:\/\/vegallomasgaleria.hu\/index.php\/wp-json\/wp\/v2\/types\/page"}],"author":[{"embeddable":true,"href":"https:\/\/vegallomasgaleria.hu\/index.php\/wp-json\/wp\/v2\/users\/1"}],"replies":[{"embeddable":true,"href":"https:\/\/vegallomasgaleria.hu\/index.php\/wp-json\/wp\/v2\/comments?post=171"}],"version-history":[{"count":88,"href":"https:\/\/vegallomasgaleria.hu\/index.php\/wp-json\/wp\/v2\/pages\/171\/revisions"}],"predecessor-version":[{"id":739,"href":"https:\/\/vegallomasgaleria.hu\/index.php\/wp-json\/wp\/v2\/pages\/171\/revisions\/739"}],"wp:attachment":[{"href":"https:\/\/vegallomasgaleria.hu\/index.php\/wp-json\/wp\/v2\/media?parent=171"}],"curies":[{"name":"wp","href":"https:\/\/api.w.org\/{rel}","templated":true}]}}